3*h + h. Suppose 2*n - 9 = -3*i + 68, -2*n = i - 27. What is the remainder when h is divided by i?
22
Suppose 7*f - 6*f + 3 = 0, -4*f = 5*l - 1048. What is the remainder when l is divided by 54?
50
Suppose -t - 68 = -4*h + t, -3*t = 0. Let f be 3 - (4 + 56/(-4)). Let o = f - -54. What is the remainder when o is divided by h?
16
Let k(s) = s**3 - 3*s**2 - 5*s - 1. Let l be k(4). Let t = -7 - l. What is the remainder when 73 is divided by (-135)/(-7) - t/(-7)?
16
Let h = -511 + 530. Calculate the remainder when 47 is divided by h.
9
Suppose -z + 8 = -4*g + 2*g, 4*z + 2*g = 32. What is the remainder when (124/3)/(-4)*(-13 + 10) is divided by z?
7
Let r be (-289)/7 + (-18)/(-63). Let j = r + 78. What is the remainder when 73 is divided by j?
36
Suppose 5*m - 3*m + 4*d - 12 = 0, -3*d = -5*m + 30. Let j = m - 0. What is the remainder when 6 is divided by j?
0
Calculate the remainder when 30/(-18)*(-366)/10 is divided by 20.
1
Let u = 44 - 37. Let y = u - 13. Let v = y - -32. What is the remainder when v is divided by 14?
12
Suppose -5*b - 3*x + 45 = 0, b - 16 = 5*x + 21. Suppose 3*p = 2*p - 2*s + 3, -3*s = -p + 8. What is the remainder when b is divided by p?
2
Let k(r) = 5*r + 104. Let w be k(11). Let d = w + -151. Calculate the remainder when d is divided by (-22)/(-6) + 2/6.
0
Let z(d) = d**3 + 26. Suppose 0 = 2*q - 6*q. What is the remainder when 101 is divided by z(q)?
23
Let p = -350 - -449. What is the remainder when p is divided by 34?
31
Suppose d + 0*d = p - 34, 4*p = 5*d + 135. What is the remainder when 48 is divided by 4/(-10) - ((-4508)/p)/7?
12
Suppose -9 = c - 4*c. Suppose -2 = -2*o, 3*o + 2 = -c*z + 5. Suppose 3*w + w - 52 = z. What is the remainder when 36 is divided by w?
10
Let u be (-4 + 1 + -39 - 0) + -2. Suppose 25 = -5*h, 2*h + 67 = 3*g - 0*h. What is the remainder when -2 - u - (9 + -4) is divided by g?
18
Calculate the remainder when 175 is divided by (10/6)/((-4)/(216/(-3))).
25
Suppose 5*w - 16 = 394. What is the remainder when w is divided by (21/6)/(-1)*-6?
19
Suppose -w = 2*r - 34 - 3, 4*r + 43 = w. Suppose w = 2*d - 55. Calculate the remainder when d is divided by 13.
8
Suppose y - 2*c - 14 = 0, 4*c + 27 = y + 3. What is the remainder when 27 is divided by 2/y*2*14?
13
Let x = 242 - 219. Calculate the remainder when 169 is divided by x.
8
Suppose -3*m = t - 312, -m + 5 = -2*m. Calculate the remainder when t is divided by 47.
45
Suppose 3*a - 405 = 3*l, -32*a + 667 = -27*a + 3*l. Calculate the remainder when a is divided by 43.
5
Suppose -416 = -2*c - 2*c. Let l = c + -71. Calculate the remainder when 130 is divided by l.
31
Let t = 2627 + -2601. Calculate the remainder when t is divided by 5.
1
Let k = 32 + -11. Calculate the remainder when k is divided by -4 + 0 - -13 - 3.
3
Suppose 14*l - 3990 = -16*l. What is the remainder when l is divided by 68?
65
Let g(u) be the first derivative of u**2/2 + 2*u + 3. Calculate the remainder when 13 is divided by g(2).
1
Suppose 79*c - 156 = 75*c. Calculate the remainder when c is divided by 1 + (-3)/(-6)*14.
7
Let b(n) = n**2 + 8*n + 1. Suppose 9*k - 530 = 4*k. Let q = k - 25. What is the remainder when q is divided by b(2)?
18
Let l(x) be the second derivative of -151*x**2 + 2*x**3 + 2*x**3 - 10*x + 148*x**2. Calculate the remainder when l(3) is divided by 17.
15
Let y be -5*3/9*-6. Let h = y + -6. Calculate the remainder when 12 is divided by 1 + (3 - 3) + h.
2
Let v(o) = -6*o + 2. Suppose 18*a + 0*a - 1178 - 136 = 0. What is the remainder when a is divided by v(-6)?
35
Suppose 3*p = -6 + 15. Suppose -42 + 0 = -4*x - 2*q, -x + p = -2*q. Calculate the remainder when 24 is divided by x.
6
Suppose -8*i - 18 = i. Calculate the remainder when i/(-3)*(-5 - -56) is divided by 19.
15
Let i(d) = d**2 + d + 34. Calculate the remainder when 10/35 - (-1872)/14 is divided by i(0).
32
Suppose 4*m - 80 = 16. Suppose -24 = -3*d + 111. Suppose -z - 5*t + d = 0, 5 = -2*t - 5. Calculate the remainder when z is divided by m.
22
Let m(h) = 34*h**2 + 3*h - 4. What is the remainder when m(1) is divided by -7*(-1 - (2 - 2))?
5
Let i(o) = -13*o + 345. Calculate the remainder when i(15) is divided by 13.
7
Let j = -1757 + 1991. What is the remainder when j is divided by 120?
114
Let d be 8/1 - (-1)/2*-4. Suppose 5*z = 2*v + 8, 5*v - d = -1. What is the remainder when 5 is divided by z?
1
Let p(a) = -2*a**2 + 36*a + 3. Suppose -5*f + 98 = 13. Calculate the remainder when p(f) is divided by 13.
11
Let j(r) = -r + 10. Let l(g) = 9*g**2 - 3*g + 1. Suppose h = 2*h - 2. Calculate the remainder when l(h) is divided by j(2).
7
What is the remainder when (-152720)/(-100) - (0 - (-2)/10) is divided by 30?
27
Let n = 31 + -16. What is the remainder when 39 is divided by n?
9
Let f = -19 + 17. Calculate the remainder when 12/4 - 14*f is divided by 7.
3
Suppose -w - 258 = 4. Let l = -155 - w. What is the remainder when l is divided by 27?
26
Let f(p) = 8*p. Let i(y) = 40*y. Let t(g) = -33*f(g) + 6*i(g). Let s be t(-1). Let m = s - 6. What is the remainder when m is divided by 11?
7
Suppose -14 = -2*k - 0*k. Suppose -5 = 5*l - 5*r, -9 = l - 5*r + 8. Suppose -k*c + l*c = -16. What is the remainder when c is divided by 3?
1
Suppose 3*n + 6 = -9, 4*g - 228 = -4*n. Suppose 64*j = g*j + 60. Calculate the remainder when j is divided by 16.
14
Let t(g) = -3*g + 9. Let x be t(3). Suppose -21*m + 15*m + 72 = x. Calculate the remainder when 45 is divided by m.
9
Let k(b) = -b**2 + 7. Let r be k(0). Let j(a) = -3*a + a**2 + 8*a + 6 + r + 2*a. Calculate the remainder when 34 is divided by j(-6).
6
Let d(j) = 2*j**2 + 46*j - 140. What is the remainder when d(-27) is divided by 43?
33
Suppose 5*q - 479 - 53 = -4*h, -4*q + 656 = 5*h. Suppose -m = -5*m + h. Let t(s) = -s**2 + 286. What is the remainder when t(-15) is divided by m?
29
Suppose -38*j = -39*j + 13. Suppose -2*x + 4*b - 3*b + j = 0, -2*x + 16 = -2*b. Calculate the remainder when (-1)/(-1*1/13) is divided by x.
3
Suppose 3 = -6*y + 7*y. Let r(p) = p**3 - 7*p**2 - 10*p + 26. Calculate the remainder when r(8) is divided by y.
1
Let b be ((-1)/3)/((-2)/228). Let y = -33 + b. Suppose -y*f - 14 = -424. What is the remainder when f is divided by 28?
26
Suppose 32 = 3*c + 4*u, -8*u + 4*u = 4. Suppose 2*k - 57 = 15. Let t = k - 14. What is the remainder when t is divided by c?
10
Suppose 2*l - 8 = -2*q + 3*q, -3*l = -5*q - 54. Let f = -9 - q. Let k = 0 + f. Calculate the remainder when 10 is divided by k.
1
Suppose 0 = 3*n + g - 55, 0*g = 3*n + 5*g - 59. What is the remainder when 30 is divided by n?
12
Let k(q) = 15*q - 8. Let u be 3*5/10*2. What is the remainder when 147 is divided by k(u)?
36
Suppose -11*d + 7*d + 44 = 0. Suppose j - 5*j = 0. Suppose j = 3*v - 3*i - 51, 2*v - 4*i + 52 = 4*v. Calculate the remainder when v is divided by d.
9
Let l(u) = 4*u**2 + 81*u + 739. Calculate the remainder when l(-10) is divided by 110.
109
What is the remainder when 359 is divided by (486/972)/(0 + 2/28)?
2
Let d = 13 + -9. Suppose -5*g - d = r, 0 = -2*r - 0*r - 5*g - 23. Let i = r - -38. Calculate the remainder when 36 is divided by i.
17
Suppose 0 = -4*y - 2*x + 1046, 0*y - 3*y - 5*x = -788. What is the remainder when y is divided by 22?
19
Let f = -5 + 4. Let c = 1 + f. Suppose c = 2*w + w - 3*s - 111, 5*w = 2*s + 200. Calculate the remainder when w is divided by 11.
9
Let b(o) = 750*o - 2233. What is the remainder when (-1 - 12)/((-2)/10) is divided by b(3)?
14
Suppose 16*k - 318 = 10*k. What is the remainder when k is divided by 27?
26
Let l = -2 - -5. Suppose -l = 4*k - 59. Suppose 6*o = 3*o + 15. What is the remainder when k is divided by o?
4
Let l(w) = -15*w**2 + 19*w**2 + 4 - 1 - 11*w. Calculate the remainder when l(5) is divided by 25.
23
Let a be ((-13)/(-2) - 4)*2. Suppose 4*w + a*d - 319 = 0, -5*w = -2*d - 477 + 103. Calculate the remainder when w is divided by 27.
22
Let y(d) = 38*d**2 + 50*d - 99. What is the remainder when y(2) is divided by 36?
9
Let z(b) = 12*b**2 - 51*b + 164. What is the remainder when z(3) is divided by 15?
14
Suppose -6 = 3*w, w + 3 - 7 = -3*a. Let y = a + 8. What is the remainder when y is divided by 6?
4
Let q(i) = -2*i**2 + 76*i - 213. What is the remainder when 941 is divided by q(34)?
56
Suppose 0 = -4*o - d + 37, -d = 2*o - 3*d - 6. Ca